66 a factor of 215858?
False
Is 2016928 a multiple of 66?
False
Is 187 a factor of 233937?
True
Is 863138 a multiple of 522?
False
Does 36 divide 884772?
True
Is 129635 a multiple of 165?
False
Is 28845 a multiple of 112?
False
Is 39600 a multiple of 240?
True
Does 905 divide 1532625?
False
Does 93 divide 922303?
False
Is 2 a factor of 3450?
True
Does 24 divide 436245?
False
Does 21 divide 28455?
True
Is 332813 a multiple of 47?
False
Is 51 a factor of 338200?
False
Is 15600417 a multiple of 19?
False
Does 365 divide 188273?
False
Is 22 a factor of 128414?
True
Is 14 a factor of 333718?
True
Is 20207360 a multiple of 64?
True
Is 260015 a multiple of 85?
True
Is 5684098 a multiple of 49?
True
Is 2957780 a multiple of 185?
True
Is 307 a factor of 1003276?
True
Does 94 divide 848726?
True
Does 5 divide 2164507?
False
Is 592 a factor of 93401?
False
Does 13 divide 1629157?
False
Is 16475 a multiple of 22?
False
Does 69 divide 12851181?
True
Does 71 divide 132731?
False
Is 4 a factor of 1401259?
False
Is 265 a factor of 8215?
True
Is 521 a factor of 1179177?
False
Is 18518 a multiple of 2?
True
Is 4 a factor of 118282?
False
Is 2248356 a multiple of 33?
True
Is 99347 a multiple of 72?
False
Is 218 a factor of 12615858?
False
Is 327792 a multiple of 362?
False
Is 213550 a multiple of 94?
False
Is 5 a factor of 603983?
False
Is 26826 a multiple of 102?
True
Does 20 divide 266440?
True
Is 84 a factor of 1385677?
False
Is 12 a factor of 138312?
True
Does 461 divide 1163564?
True
Does 29 divide 3278972?
True
Does 24 divide 3768?
True
Is 7 a factor of 484974?
True
Is 661861 a multiple of 17?
True
Is 35 a factor of 749?
False
Does 45 divide 150165?
True
Does 113 divide 67134?
False
Is 4511334 a multiple of 1904?
False
Is 9401182 a multiple of 14?
True
Does 51 divide 103184?
False
Is 167 a factor of 314233?
False
Does 153 divide 6973283?
False
Is 25 a factor of 166225?
True
Does 215 divide 371585?
False
Is 283 a factor of 1614232?
True
Is 52122 a multiple of 146?
True
Is 31854528 a multiple of 2088?
True
Is 86 a factor of 3459061?
False
Does 10 divide 401693?
False
Does 272 divide 78608?
True
Is 160867 a multiple of 469?
True
Is 248664 a multiple of 312?
True
Is 469440 a multiple of 326?
True
Does 8 divide 48696?
True
Is 474 a factor of 576286?
False
Is 525149 a multiple of 141?
False
Does 412 divide 798044?
True
Does 606 divide 2391670?
False
Does 32 divide 2362272?
True
Is 348 a factor of 299280?
True
Does 54 divide 73494?
True
Is 6388978 a multiple of 19?
True
Does 6 divide 7513950?
True
Is 23 a factor of 167407?
False
Is 13 a factor of 81354?
True
Is 78 a factor of 45654?
False
Is 31932 a multiple of 12?
True
Is 12 a factor of 263076?
True
Is 135 a factor of 3884310?
False
Is 9041928 a multiple of 214?
True
Is 2095434 a multiple of 627?
True
Does 19 divide 96406?
True
Is 45 a factor of 23998?
False
Does 184 divide 142735?
False
Is 7967697 a multiple of 578?
False
Does 41 divide 2178370?
False
Does 54 divide 3753?
False
Is 916002 a multiple of 156?
False
Does 10 divide 416270?
True
Is 11448548 a multiple of 34?
True
Does 25 divide 149450?
True
Is 160 a factor of 36000?
True
Is 10592 a multiple of 3?
False
Is 81 a factor of 135675?
True
Is 96140 a multiple of 110?
True
Is 423645 a multiple of 137?
False
Is 131 a factor of 297597?
False
Is 11248825 a multiple of 7?
True
Does 4 divide 26312?
True
Is 1505112 a multiple of 168?
True
Is 208512 a multiple of 288?
True
Is 46 a factor of 1854398?
True
Is 7 a factor of 1264438?
True
Does 37 divide 237996?
False
Does 108 divide 2492113?
False
Does 46 divide 766902?
False
Is 1433746 a multiple of 17?
True
Does 127 divide 2364018?
False
Is 375 a factor of 3280500?
True
Does 261 divide 790961?
False
Does 30 divide 2209?
False
Is 6747569 a multiple of 41?
False
Is 66444 a multiple of 12?
True
Is 69331 a multiple of 41?
True
Does 29 divide 131301?
False
Is 14 a factor of 45426?
False
Does 6 divide 784083?
False
Is 206130 a multiple of 89?
False
Is 9141915 a multiple of 15?
True
Does 158 divide 5458365?
False
Is 64070 a multiple of 29?
False
Is 2033808 a multiple of 24?
True
Is 642 a factor of 5843484?
True
Is 15 a factor of 7023180?
True
Does 151 divide 200482?
False
Is 361548 a multiple of 11?
True
Does 1367 divide 6601243?
True
Is 214905 a multiple of 310?
False
Is 7 a factor of 617379?
True
Is 68 a factor of 28711?
False
Is 626305 a multiple of 38?
False
Is 156 a factor of 65685?
False
Does 488 divide 91726?
False
Is 67756 a multiple of 73?
False
Is 33 a factor of 7824333?
True
Does 14 divide 1017436?
True
Is 30818652 a multiple of 1031?
True
Is 45 a factor of 1329013?
False
Is 238158 a multiple of 18?
True
Is 426 a factor of 49346?
False
Is 50225 a multiple of 35?
True
Is 169 a factor of 1041547?
True
Is 13 a factor of 272870?
True
Does 86 divide 3338692?
True
Is 23272 a multiple of 17?
False
Is 6 a factor of 775692?
True
Is 250 a factor of 237500?
True
Does 274 divide 203034?
True
Does 4 divide 26312?
True
Is 110 a factor of 88653?
False
Is 3 a factor of 1037217?
True
Is 1820483 a multiple of 703?
False
Does 12 divide 79260?
True
Is 3 a factor of 877654?
False
Is 25 a factor of 26050?
True
Does 37 divide 473392?
False
Is 14 a factor of 431844?
True
Is 28428 a multiple of 287?
False
Is 357500 a multiple of 250?
True
Is 1169296 a multiple of 5?
False
Is 40 a factor of 178347?
False
Is 291 a factor of 7159780?
False
Is 180342 a multiple of 86?
True
Is 304 a factor of 120688?
True
Is 61 a factor of 744078?
True
Is 74 a factor of 433997?
False
Does 453 divide 616533?
True
Does 22 divide 359656?
True
Is 1035441 a multiple of 11?
True
Is 17 a factor of 15096442?
True
Does 123 divide 82691?
False
Is 37 a factor of 223702?
True
Is 26 a factor of 12392?
False
Is 163 a factor of 380116?
True
Does 17 divide 202989?
False
Is 3078403 a multiple of 220?
False
Does 66 divide 227218?
False
Is 469552 a multiple of 16?
True
Is 1087009 a multiple of 1463?
True
Is 11441817 a multiple of 8?
False
Does 17 divide 20315?
True
Is 62400 a multiple of 120?
True
Is 106454 a multiple of 31?
True
Does 20 divide 1505192?
False
Is 1204318 a multiple of 859?
True
Does 62 divide 873867?
False
Does 713 divide 10359417?
False
Does 162 divide 9882?
True
Does 26 divide 65255?
False
Is 4384 a multiple of 16?
True
Is 50 a factor of 134278?
False
Is 59 a factor of 993678?
True
Is 7261272 a multiple of 9?
True
Is 94113 a multiple of 11?
False
Does 912 divide 414048?
True
Is 2865793 a multiple of 326?
False
Is 6 a factor of 23258?
False
Does 109 divide 4510712?
False
Is 9506 a multiple of 49?
True
Does 2 divide 591788?
True
Is 4237027 a multiple of 100?
False
Does 16 divide 1171056?
True
Is 134 a factor of 137187?
False
Is 20925 a multiple of 557?
False
Is 3393623 a multiple of 21?
False
Is 139 a factor of 3992367?
False
Does 5 divide 21044?
False
Does 12 divide 4596?
True
Is 5 a factor of 11235?
True
Does 188 divide 1399910?
False
Is 16 a factor of 430480?
True
Does 73 divide 1460?
True
Is 2157435 a multiple of 948?
False
Does 266 divide 394744?
True
Is 21370 a multiple of 5?
True
Is 85 a factor of 60860?
True
Does 5 divide 204310?
True
Is 887901 a multiple of 22?
False
Does 13 divide 134491?
False
Is 2374 a factor of 17824035?
False
Is 2631759 a multiple of 110?
False
Is 2 a factor of 7144?
True
Does 148 divide 4080609?
False
Is 36 a factor of 17945?
False
Is 14755249 a multiple of 73?
False
Does 93 divide 3253884?
True
Is 35 a factor of 1638525?
True
Is 15 a factor of 355620?
True
Does 1123 divide 8120413?
True
Is 14 a factor of 65739?
False
Is 12058069 a multiple of 180?
False
Is 225 a factor of 650812?
False
Does 13 divide 177957?
True
Is 26 a factor of 1471647?
False
Is 58 a factor of 16588?
True
Is 4 a factor of 10078?
False
Does 7 divide 833693?
True
Does 111 divide 12684773?
False
Is 173 a factor of 206562?
True
Is 12350 a multiple of 15?
False
Does 56 divide 36165?
False
Is 1467492 a multiple of 13?
True
Is 30 a factor of 31519?
False
Does 42 divide 39058?
False
Is 62 a factor of 1710270?
True
Does 520 divide 187929?
False
Is 43 a factor of 136395?
False
Does 342 divide 252424?
False
Is 14554890 a multiple of 10?
True
Is 513 a factor of 266145?
False
Is 599 a factor of 512744?
True
Does 70 divide 1556310?
True
Does 9 divide 454905?
True
Is 13